{"id":2851,"date":"2017-03-01T23:39:03","date_gmt":"2017-03-01T23:39:03","guid":{"rendered":"http:\/\/bajantessinobras.com\/?page_id=2851"},"modified":"2017-03-03T22:39:56","modified_gmt":"2017-03-03T22:39:56","slug":"metodo-desagues","status":"publish","type":"page","link":"https:\/\/bajantessinobras.com\/?page_id=2851","title":{"rendered":"M\u00e9todo y Galer\u00eda &#8211; Desag\u00fces"},"content":{"rendered":"<style type=\"text\/css\">@media only screen and (min-width: 1000px) and (max-width: 5000px){body.kc-css-system .kc-css-86730{width: 60.35%;}body.kc-css-system .kc-css-2646982{width: 39.64%;}body.kc-css-system .kc-css-550737{width: 60.35%;}body.kc-css-system .kc-css-1815900{width: 39.64%;}body.kc-css-system .kc-css-2055981{width: 60.35%;}body.kc-css-system .kc-css-240604{width: 39.64%;}body.kc-css-system .kc-css-2179002{width: 60.35%;}body.kc-css-system .kc-css-60907{width: 39.64%;}body.kc-css-system .kc-css-3242617{width: 60.35%;}body.kc-css-system .kc-css-572587{width: 39.64%;}body.kc-css-system .kc-css-1544566{width: 60.35%;}body.kc-css-system .kc-css-3049678{width: 39.64%;}}body.kc-css-system .kc-css-2105242{text-align: right;}body.kc-css-system .kc-css-2211313 .kc_accordion_header a{font-weight: 800;}body.kc-css-system .kc-css-2211313 .kc_accordion_header{;}body.kc-css-system .kc-css-464663 .kc_accordion_header a{font-weight: 800;}body.kc-css-system .kc-css-523458 .kc_accordion_header a{font-weight: 800;}body.kc-css-system .kc-css-233718 .kc_accordion_header a{font-weight: 800;}body.kc-css-system .kc-css-1653815{text-align: center;}body.kc-css-system .kc-css-4271273 .kc_accordion_header a{font-weight: 800;}body.kc-css-system .kc-css-1199209{text-align: center;}body.kc-css-system .kc-css-3215073 .kc_accordion_header a{font-weight: 800;}body.kc-css-system .kc-css-451950{text-align: left;}<\/style>\n<section class=\"kc-elm kc-css-2168673 kc_row\">\n<div class=\"kc-row-container  kc-container\">\n<div class=\"kc-wrap-columns\">\n<div class=\"kc-elm kc-css-893579 kc_col-sm-12 kc_column kc_col-sm-12\">\n<div class=\"kc-col-container\">\n<div class=\"kc-elm kc-css-1985003\" style=\"height: 30px; clear: both; width:100%;\"><\/div>\n<\/div>\n<\/div>\n<\/div>\n<\/div>\n<\/section>\n<section class=\"kc-elm kc-css-2028702 kc_row\">\n<div class=\"kc-row-container  kc-container\">\n<div class=\"kc-wrap-columns\">\n<div class=\"kc-elm kc-css-86730 kc_col-sm-7 kc_column kc_col-sm-7\">\n<div class=\"kc-col-container\">\n<div class=\"kc-elm kc-css-2105242 kc_shortcode kc_single_image\">\n<p>        <img decoding=\"async\" src=\"\/wp-content\/uploads\/2017\/03\/Esquema-Retrete-1.jpg\" class=\"\" alt=\"\" \/>    <\/div>\n<\/div>\n<\/div>\n<div class=\"kc-elm kc-css-2646982 kc_col-sm-5 kc_column kc_col-sm-5\">\n<div class=\"kc-col-container\">\n<div data-allowopenall=\"true\" data-closeall=\"true\" class=\"kc-elm kc-css-2211313 kc_accordion_wrapper\">\n<div class=\"kc-elm kc-css-4261871 kc_accordion_section group \">\n<h3 class=\"kc_accordion_header ui-accordion-header\"><span class=\"ui-accordion-header-icon ui-icon\"><\/span><a href=\"#planificacion\" data-prevent=\"scroll\"><i class=\"\"><\/i> Planificaci\u00f3n<\/a><\/h3>\n<div class=\"kc_accordion_content ui-accordion-content kc_clearfix\">\n<div class=\"kc-panel-body\">\n<div class=\"kc-elm kc-css-2471390 kc_text_block\">\n<p>En primer lugar se planifica y detalla el proceso y su tiempo de ejecuci\u00f3n, estudiando los par\u00e1metros del sistema de canalizaciones a restaurar (facilidad de acceso, estructura y naturaleza del material).<\/p>\n<\/div>\n<\/div>\n<\/div>\n<\/div>\n<\/div>\n<\/div>\n<\/div>\n<\/div>\n<\/div>\n<\/section>\n<section class=\"kc-elm kc-css-3189648 kc_row\">\n<div class=\"kc-row-container  kc-container\">\n<div class=\"kc-wrap-columns\">\n<div class=\"kc-elm kc-css-550737 kc_col-sm-7 kc_column kc_col-sm-7\">\n<div class=\"kc-col-container\">\n<div class=\"kc-elm kc-css-3348952 kc_shortcode kc_single_image\">\n<p>        <img decoding=\"async\" src=\"\/wp-content\/uploads\/2017\/03\/Esquema-limpieza.jpg\" class=\"\" alt=\"\" \/>    <\/div>\n<\/div>\n<\/div>\n<div class=\"kc-elm kc-css-1815900 kc_col-sm-5 kc_column kc_col-sm-5\">\n<div class=\"kc-col-container\">\n<div data-allowopenall=\"true\" data-closeall=\"true\" class=\"kc-elm kc-css-464663 kc_accordion_wrapper\">\n<div class=\"kc-elm kc-css-2333009 kc_accordion_section group \">\n<h3 class=\"kc_accordion_header ui-accordion-header\"><span class=\"ui-accordion-header-icon ui-icon\"><\/span><a href=\"#acceso-y-limpieza\" data-prevent=\"scroll\"><i class=\"\"><\/i> Acceso y limpieza<\/a><\/h3>\n<div class=\"kc_accordion_content ui-accordion-content kc_clearfix\">\n<div class=\"kc-panel-body\">\n<div class=\"kc-elm kc-css-476713 kc_text_block\">\n<p>Tras proteger adecuadamente la superficie de trabajo, se limpian las bajantes y sus derivaciones, manguetones y colectores, con el fin de eliminar cualquier residuo que pudiera interferir en las siguientes etapas. Para la realizaci\u00f3n de este proceso de limpieza se utiliza un robot rotatorio provisto de cepillos que eliminar\u00e1 la suciedad sin da\u00f1ar el interior de las canalizaciones.<\/p>\n<\/div>\n<\/div>\n<\/div>\n<\/div>\n<\/div>\n<\/div>\n<\/div>\n<\/div>\n<\/div>\n<\/section>\n<section class=\"kc-elm kc-css-1052485 kc_row\">\n<div class=\"kc-row-container  kc-container\">\n<div class=\"kc-wrap-columns\">\n<div class=\"kc-elm kc-css-2055981 kc_col-sm-7 kc_column kc_col-sm-7\">\n<div class=\"kc-col-container\">\n<div class=\"kc-elm kc-css-3732712 kc_shortcode kc_single_image\">\n<p>        <img decoding=\"async\" src=\"\/wp-content\/uploads\/2017\/02\/Esquema-3-limpieza-bajante.jpg\" class=\"\" alt=\"\" \/>    <\/div>\n<\/div>\n<\/div>\n<div class=\"kc-elm kc-css-240604 kc_col-sm-5 kc_column kc_col-sm-5\">\n<div class=\"kc-col-container\">\n<div data-allowopenall=\"true\" data-closeall=\"true\" class=\"kc-elm kc-css-523458 kc_accordion_wrapper\">\n<div class=\"kc-elm kc-css-1429491 kc_accordion_section group \">\n<h3 class=\"kc_accordion_header ui-accordion-header\"><span class=\"ui-accordion-header-icon ui-icon\"><\/span><a href=\"#inspeccion-previa\" data-prevent=\"scroll\"><i class=\"\"><\/i> Inspecci\u00f3n Previa<\/a><\/h3>\n<div class=\"kc_accordion_content ui-accordion-content kc_clearfix\">\n<div class=\"kc-panel-body\">\n<div class=\"kc-elm kc-css-3988817 kc_text_block\">\n<p>Mediante c\u00e1maras borosc\u00f3picas se realiza una inspecci\u00f3n preliminar de las canalizaciones, en busca de aver\u00edas mayores que impidan el proceso de restauraci\u00f3n. En caso de que tales aver\u00edas surjan, disponemos de nuestro propio sistema de reparaci\u00f3n que deber\u00e1 ser aplicado antes de proceder al encamisado interno.<\/p>\n<\/div>\n<\/div>\n<\/div>\n<\/div>\n<\/div>\n<\/div>\n<\/div>\n<\/div>\n<\/div>\n<\/section>\n<section class=\"kc-elm kc-css-3096291 kc_row\">\n<div class=\"kc-row-container  kc-container\">\n<div class=\"kc-wrap-columns\">\n<div class=\"kc-elm kc-css-2179002 kc_col-sm-7 kc_column kc_col-sm-7\">\n<div class=\"kc-col-container\">\n<div class=\"kc-elm kc-css-2314337 kc_shortcode kc_single_image\">\n<p>        <img decoding=\"async\" src=\"\/wp-content\/uploads\/2017\/03\/Esquema-encamisado.jpg\" class=\"\" alt=\"\" \/>    <\/div>\n<\/div>\n<\/div>\n<div class=\"kc-elm kc-css-60907 kc_col-sm-5 kc_column kc_col-sm-5\">\n<div class=\"kc-col-container\">\n<div data-allowopenall=\"true\" data-closeall=\"true\" class=\"kc-elm kc-css-233718 kc_accordion_wrapper\">\n<div class=\"kc-elm kc-css-1627463 kc_accordion_section group \">\n<h3 class=\"kc_accordion_header ui-accordion-header\"><span class=\"ui-accordion-header-icon ui-icon\"><\/span><a href=\"#encamisado-interno\" data-prevent=\"scroll\"><i class=\"\"><\/i> Encamisado Interno<\/a><\/h3>\n<div class=\"kc_accordion_content ui-accordion-content kc_clearfix\">\n<div class=\"kc-panel-body\">\n<div class=\"kc-elm kc-css-4039005 kc_text_block\">\n<p>\u00c9ste es la parte m\u00e1s importante de nuestro trabajo. Un rotor de pulverizaci\u00f3n crea las nuevas canalizaciones desde el interior de las ya existentes. El resultado es un encamisado interno de 4mm. de espesor, resistente a la erosion y a la abrasi\u00f3n. \u00c9ste proceso se puede aplicar sobre tuber\u00edas y canalizaciones de cualquier material y caudal (desde 63 hasta 1000 mm. de di\u00e1metro), ya sean internas o sobre fachada.<\/p>\n<\/div>\n<\/div>\n<\/div>\n<\/div>\n<\/div>\n<\/div>\n<\/div>\n<\/div>\n<\/div>\n<\/section>\n<section class=\"kc-elm kc-css-2957115 kc_row\">\n<div class=\"kc-row-container  kc-container\">\n<div class=\"kc-wrap-columns\">\n<div class=\"kc-elm kc-css-3242617 kc_col-sm-7 kc_column kc_col-sm-7\">\n<div class=\"kc-col-container\">\n<div class=\"kc-elm kc-css-1653815 kc_shortcode kc_single_image\">\n<p>        <img decoding=\"async\" src=\"\/wp-content\/uploads\/2017\/02\/Medidor-con-marco.jpg\" class=\"\" alt=\"\" \/>    <\/div>\n<\/div>\n<\/div>\n<div class=\"kc-elm kc-css-572587 kc_col-sm-5 kc_column kc_col-sm-5\">\n<div class=\"kc-col-container\">\n<div data-allowopenall=\"true\" data-closeall=\"true\" class=\"kc-elm kc-css-4271273 kc_accordion_wrapper\">\n<div class=\"kc-elm kc-css-1850727 kc_accordion_section group \">\n<h3 class=\"kc_accordion_header ui-accordion-header\"><span class=\"ui-accordion-header-icon ui-icon\"><\/span><a href=\"#inspeccion-y-documentacion\" data-prevent=\"scroll\"><i class=\"\"><\/i> Inspecci\u00f3n y Documentaci\u00f3n<\/a><\/h3>\n<div class=\"kc_accordion_content ui-accordion-content kc_clearfix\">\n<div class=\"kc-panel-body\">\n<div class=\"kc-elm kc-css-2864022 kc_text_block\">\n<p>Tras una espera de solo 2 horas hasta el completo secado realizamos nuvamente una video-inspecci\u00f3n borosc\u00f3pica, para comprobar que el proceso de encamisado se ha desarrollado correctamente sobre el 100% de la superficie interna de las canalizaciones y con un espesor uniforme. Las im\u00e1genes captadas ser\u00e1n almacenadas en un DVD que formar\u00e1 parte de la documentaci\u00f3n que certifica y garantiza el proceso.<\/p>\n<\/div>\n<\/div>\n<\/div>\n<\/div>\n<\/div>\n<\/div>\n<\/div>\n<\/div>\n<\/div>\n<\/section>\n<section class=\"kc-elm kc-css-456055 kc_row\">\n<div class=\"kc-row-container  kc-container\">\n<div class=\"kc-wrap-columns\">\n<div class=\"kc-elm kc-css-1544566 kc_col-sm-7 kc_column kc_col-sm-7\">\n<div class=\"kc-col-container\">\n<div class=\"kc-elm kc-css-1199209 kc_shortcode kc_single_image\">\n<p>        <img decoding=\"async\" src=\"\/wp-content\/uploads\/2017\/02\/Finalizado-con-marco.jpg\" class=\"\" alt=\"\" \/>    <\/div>\n<\/div>\n<\/div>\n<div class=\"kc-elm kc-css-3049678 kc_col-sm-5 kc_column kc_col-sm-5\">\n<div class=\"kc-col-container\">\n<div data-allowopenall=\"true\" data-closeall=\"true\" class=\"kc-elm kc-css-3215073 kc_accordion_wrapper\">\n<div class=\"kc-elm kc-css-2313145 kc_accordion_section group \">\n<h3 class=\"kc_accordion_header ui-accordion-header\"><span class=\"ui-accordion-header-icon ui-icon\"><\/span><a href=\"#limpieza-y-finalizacion\" data-prevent=\"scroll\"><i class=\"\"><\/i> Limpieza y Finalizaci\u00f3n<\/a><\/h3>\n<div class=\"kc_accordion_content ui-accordion-content kc_clearfix\">\n<div class=\"kc-panel-body\">\n<div class=\"kc-elm kc-css-1564297 kc_text_block\">\n<p>RainDriver, nuestro sistema de restauraci\u00f3n de canalizaciones pluviales, no genera residuos o suciedad aprecialbes en el espacio de intervenci\u00f3n. En todo caso, nuestro equipo dejar\u00e1 toda la zona limpia y despejada de cualquier m\u00ednimo vestigio que le recuerde que nuestros t\u00e9cnicos han estado operando all\u00ed.<\/p>\n<\/div>\n<\/div>\n<\/div>\n<\/div>\n<\/div>\n<\/div>\n<\/div>\n<\/div>\n<\/div>\n<\/section>\n<section class=\"kc-elm kc-css-4324242 kc_row\">\n<div class=\"kc-row-container  kc-container\">\n<div class=\"kc-wrap-columns\">\n<div class=\"kc-elm kc-css-188297 kc_col-sm-12 kc_column kc_col-sm-12\">\n<div class=\"kc-col-container\">\n<div class=\"kc-elm kc-css-2636785\" style=\"height: 100px; clear: both; width:100%;\"><\/div>\n<\/div>\n<\/div>\n<\/div>\n<\/div>\n<\/section>\n<section class=\"kc-elm kc-css-2564218 kc_row\">\n<div class=\"kc-row-container  kc-container\">\n<div class=\"kc-wrap-columns\">\n<div class=\"kc-elm kc-css-3216927 kc_col-sm-12 kc_column kc_col-sm-12\">\n<div class=\"kc-col-container\">\n<div class=\"kc-elm kc-css-451950 kc_shortcode kc_single_image\">\n<p>        <a  href=\"http:\/\/bajantessinobras.com\/metodo-y-galeria-bajantedesagues\/\" title=\"\" target=\"_self\"><br \/>\n        <img decoding=\"async\" src=\"\/wp-content\/uploads\/2017\/03\/Flecha-Back.png\" class=\"\" alt=\"\" alt=\"\" \/>    <\/a>\n    <\/div>\n<\/div>\n<\/div>\n<\/div>\n<\/div>\n<\/section>\n","protected":false},"excerpt":{"rendered":"<p>Planificaci\u00f3n En primer lugar se planifica y detalla el proceso y su tiempo de ejecuci\u00f3n, estudiando los par\u00e1metros del sistema de canalizaciones a restaurar (facilidad de acceso, estructura y naturaleza del material). Acceso y limpieza Tras proteger adecuadamente la superficie de trabajo, se limpian las bajantes y sus derivaciones, manguetones y colectores, con el fin &hellip; <\/p>\n<p class=\"link-more\"><a href=\"https:\/\/bajantessinobras.com\/?page_id=2851\" class=\"more-link\">Continuar leyendo<span class=\"screen-reader-text\"> \u00abM\u00e9todo y Galer\u00eda &#8211; Desag\u00fces\u00bb<\/span><\/a><\/p>\n","protected":false},"author":1,"featured_media":0,"parent":0,"menu_order":0,"comment_status":"closed","ping_status":"closed","template":"","meta":{"footnotes":""},"class_list":["post-2851","page","type-page","status-publish","hentry"],"_links":{"self":[{"href":"https:\/\/bajantessinobras.com\/index.php?rest_route=\/wp\/v2\/pages\/2851","targetHints":{"allow":["GET"]}}],"collection":[{"href":"https:\/\/bajantessinobras.com\/index.php?rest_route=\/wp\/v2\/pages"}],"about":[{"href":"https:\/\/bajantessinobras.com\/index.php?rest_route=\/wp\/v2\/types\/page"}],"author":[{"embeddable":true,"href":"https:\/\/bajantessinobras.com\/index.php?rest_route=\/wp\/v2\/users\/1"}],"replies":[{"embeddable":true,"href":"https:\/\/bajantessinobras.com\/index.php?rest_route=%2Fwp%2Fv2%2Fcomments&post=2851"}],"version-history":[{"count":9,"href":"https:\/\/bajantessinobras.com\/index.php?rest_route=\/wp\/v2\/pages\/2851\/revisions"}],"predecessor-version":[{"id":3251,"href":"https:\/\/bajantessinobras.com\/index.php?rest_route=\/wp\/v2\/pages\/2851\/revisions\/3251"}],"wp:attachment":[{"href":"https:\/\/bajantessinobras.com\/index.php?rest_route=%2Fwp%2Fv2%2Fmedia&parent=2851"}],"curies":[{"name":"wp","href":"https:\/\/api.w.org\/{rel}","templated":true}]}}